 is divided by 191?
187
What is the remainder when 90026 is divided by 14993?
68
Calculate the remainder when 552099 is divided by 69.
30
Calculate the remainder when 1043617 is divided by 129.
7
What is the remainder when 82362476 is divided by 79?
78
Calculate the remainder when 137049 is divided by 8515.
809
Calculate the remainder when 7441352 is divided by 7.
2
Calculate the remainder when 91748719 is divided by 132.
7
What is the remainder when 111548 is divided by 158?
0
Calculate the remainder when 1015030 is divided by 63439.
6
Calculate the remainder when 3248421 is divided by 511.
505
Calculate the remainder when 9850152 is divided by 29.
12
Calculate the remainder when 8059692 is divided by 489.
483
Calculate the remainder when 233733 is divided by 17913.
864
What is the remainder when 274055 is divided by 8300?
155
What is the remainder when 5046480 is divided by 61?
11
What is the remainder when 4197118 is divided by 21?
16
What is the remainder when 1044865 is divided by 284?
29
What is the remainder when 650018 is divided by 324986?
46
What is the remainder when 903929 is divided by 18?
5
What is the remainder when 156810 is divided by 13065?
30
What is the remainder when 71812 is divided by 11902?
400
What is the remainder when 5105285 is divided by 2252?
1
What is the remainder when 8318230 is divided by 205?
150
What is the remainder when 386777423 is divided by 4485?
4478
What is the remainder when 304730 is divided by 16037?
27
What is the remainder when 5687403 is divided by 25?
3
Calculate the remainder when 12972862 is divided by 53.
52
Calculate the remainder when 116989 is divided by 1984.
1917
Calculate the remainder when 5430239 is divided by 678778.
15
Calculate the remainder when 86526 is divided by 17269.
181
Calculate the remainder when 3496268 is divided by 871.
74
Calculate the remainder when 2191032 is divided by 513.
9
What is the remainder when 20852 is divided by 67?
15
What is the remainder when 35933 is divided by 4492?
4489
Calculate the remainder when 429920085 is divided by 312.
309
Calculate the remainder when 2032199 is divided by 1734.
1685
Calculate the remainder when 512907 is divided by 187.
153
What is the remainder when 144819 is divided by 24106?
183
What is the remainder when 5713050 is divided by 2856244?
562
Calculate the remainder when 16089545 is divided by 1935.
20
What is the remainder when 14867725 is divided by 10?
5
What is the remainder when 61136531 is divided by 20378831?
38
What is the remainder when 441763 is divided by 110176?
1059
Calculate the remainder when 140860 is divided by 556.
192
Calculate the remainder when 144139623 is divided by 19.
18
Calculate the remainder when 173752 is divided by 293.
3
Calculate the remainder when 16258820 is divided by 508088.
4
Calculate the remainder when 2388964 is divided by 44240.
4
What is the remainder when 3905183 is divided by 5?
3
What is the remainder when 663991 is divided by 568?
567
Calculate the remainder when 26772370 is divided by 25867.
25
Calculate the remainder when 82701506 is divided by 947.
943
What is the remainder when 19342565 is divided by 4239?
8
Calculate the remainder when 43740486 is divided by 64.
6
What is the remainder when 404018976 is divided by 4091?
4089
What is the remainder when 64912 is divided by 21616?
64
What is the remainder when 39409232 is divided by 1231?
1229
Calculate the remainder when 1768021 is divided by 2314.
125
What is the remainder when 5287395 is divided by 6?
3
Calculate the remainder when 1763387 is divided by 366.
365
What is the remainder when 230098 is divided by 19130?
538
Calculate the remainder when 625585 is divided by 625547.
38
What is the remainder when 56359 is divided by 27389?
1581
What is the remainder when 366080 is divided by 182928?
224
What is the remainder when 1021757 is divided by 18560?
957
What is the remainder when 10152798 is divided by 1960?
1958
What is the remainder when 2766736 is divided by 1383362?
12
What is the remainder when 5257 is divided by 2547?
163
Calculate the remainder when 8138 is divided by 273.
221
Calculate the remainder when 211173 is divided by 93.
63
Calculate the remainder when 102694 is divided by 50849.
996
What is the remainder when 544398 is divided by 1473?
861
Calculate the remainder when 15451627 is divided by 34.
21
What is the remainder when 9449793 is divided by 303?
132
Calculate the remainder when 381437 is divided by 141.
32
What is the remainder when 3986757 is divided by 1653?
1374
Calculate the remainder when 97170 is divided by 627.
612
What is the remainder when 167843 is divided by 629?
529
What is the remainder when 15355690 is divided by 96?
10
What is the remainder when 267667 is divided by 38192?
323
What is the remainder when 585208 is divided by 3179?
272
What is the remainder when 810719 is divided by 288?
287
Calculate the remainder when 271304 is divided by 182.
124
Calculate the remainder when 126702568 is divided by 395.
393
Calculate the remainder when 2241658810 is divided by 12.
10
Calculate the remainder when 8155929 is divided by 142.
17
Calculate the remainder when 190408 is divided by 1716.
1648
What is the remainder when 16408 is divided by 7173?
2062
What is the remainder when 2184930 is divided by 19684?
6
Calculate the remainder when 3314490 is divided by 2106.
1752
What is the remainder when 135166 is divided by 44748?
922
What is the remainder when 4084572 is divided by 7?
2
What is the remainder when 911629 is divided by 16?
13
Calculate the remainder when 69891820 is divided by 22.
20
Calculate the remainder when 926606 is divided by 889.
268
What is the remainder when 296837 is divided by 29668?
157
Calculate the remainder when 3135311 is divided by 101138.
33
Calculate the remainder when 1588333 is divided by 2634.
31
Calculate the remainder when 912622 is divided by 398.
8
What is the remainder when 1430463 is divided by 5701?
5213
What is the remainder when 2453895 is divided by 1226941?
13
What is the remainder when 124421 is divided by 7292?
457
Calculate the remainder when 89523944 is divided by 1046.
988
What is the remainder when 20428872 is divided by 1782?
24
Calculate the remainder when 837375130 is divided by 279125036.
22
Calculate the remainder when 174209022 is divided by 836.
834
What is the remainder when 75767 is divided by 14028?
5627
What is the remainder when 215309 is divided by 195?
29
What is the remainder when 107943 is divided by 4634?
1361
Calculate the remainder when 351820 is divided by 117089.
553
What is the remainder when 14625201 is divided by 886?
885
What is the remainder when 15893459 is divided by 1876?
1863
What is the remainder when 5604377 is divided by 800625?
2
What is the remainder when 225874 is divided by 165?
154
What is the remainder when 1722458 is divided by 28?
10
Calculate the remainder when 67602887 is divided by 23.
22
What is the remainder when 1498100 is divided by 1497930?
170
What is the remainder when 2234625 is divided by 2234319?
306
What is the remainder when 91663300 is divided by 484?
476
Calculate the remainder when 4999111 is divided by 5530.
5521
What is the remainder when 2446283 is divided by 462?
455
What is the remainder when 688767 is divided by 159?
138
What is the remainder when 4081643 is divided by 90?
53
Calculate the remainder when 23112933 is divided by 2451.
3
What is the remainder when 563760 is divided by 950?
410
Calculate the remainder when 6106116 is divided by 927.
894
What is the remainder when 73772586 is divided by 69?
63
What is the remainder when 2282059 is divided by 407?
10
Calculate the remainder when 100244 is divided by 24963.
392
What is the remainder when 11148874 is divided by 3716291?
1
Calculate the remainder when 156187 is divided by 2166.
235
What is the remainder when 13288 is divided by 60?
28
What is the remainder when 1308196 is divided by 11473?
274
What is the remainder when 2559771 is divided by 1287?
1215
Calculate the remainder when 25186 is divided by 12400.
386
What is the remainder when 1663785 is divided by 547?
358
What is the remainder when 164919706 is divided by 942?
940
What is the remainder when 13311597 is divided by 21?
12
Calculate the remainder when 1109792 i